at is the hundreds digit of f?
1
Suppose -3*w + 3*c + c - 42 = 0, w + 5*c + 14 = 0. What is the units digit of (w - -15)/(0 - 1/(-15))?
5
Suppose -z = -0*l + 3*l - 20, -2*l + 15 = -z. Suppose l = x - 11. Let o = 47 - x. What is the tens digit of o?
2
Suppose 4590 = 4*y - 2938. Let w = y - 1260. What is the units digit of w?
2
Let c(r) = 15*r**2 - 4*r - 10. Let d be c(-2). Suppose -53*q = -d*q + 7170. Suppose 5*x - q = -f, 44 = x + 2*f - 241. What is the tens digit of x?
8
Let h be 6*((-3870)/(-12) - -7). Let s = h + -1339. What is the hundreds digit of s?
6
Let x(q) be the third derivative of -5*q**4/24 - 15*q**3/2 + 332*q**2. Let p(y) = -y**3 + 2*y**2 + 4*y - 3. Let t be p(4). What is the units digit of x(t)?
0
Suppose 120 = 4*x + 8*x. Suppose -x*h = -4*h - 3504. What is the tens digit of h?
8
Let k be (42/12)/(1/802). Suppose -6*z = 3*c - 5*z - k, -5*c + 4677 = z. What is the hundreds digit of c?
9
Suppose 8*v = 4*v + 20. Suppose -v*y = -10, y - 2*y - 134 = -4*h. What is the units digit of h - (3 + 0 - -1)?
0
Let b(t) = -4*t - 14. Let l(s) = -s**3 + 8*s**2 + 9*s + 2. Let x be l(9). Suppose -4*w = i + 2*i + 79, -x*w - 2*i = 42. What is the units digit of b(w)?
0
What is the tens digit of 238113/12 - 324/432?
4
Suppose 5*m - 15727 = 2*c, -2*c = -15*m + 17*m - 6302. What is the units digit of m?
7
Let f be -4 + 9 + -1 + 9. Suppose f*r - 17400 = -7*r. What is the hundreds digit of r?
8
Let t(o) = -2*o**2 - 16*o + 2. Let l be t(-8). Suppose -l*b - 8*b = -6060. What is the hundreds digit of b?
6
Suppose 31*d - 30*d = 5425. What is the thousands digit of d?
5
Let a = 70 - 113. Let o = a + 92. What is the units digit of o?
9
Let h(n) = 6*n - 42. Let o be h(17). Suppose -o = -7*i + 752. Let f = i + -20. What is the units digit of f?
6
Suppose 5*m = -2*k + 55080, -4*m - 4*k - 13168 = -57232. What is the hundreds digit of m?
0
Let t = -207 + 340. Suppose t = w + 5*b, w + b = -0*b + 113. Let p = 196 - w. What is the units digit of p?
8
Suppose -4*c - 5*x = -4623, -4*c + 5*x - 7*x = -4614. Suppose -5*k - z = -3611, 3*k - c = 5*z + 1009. What is the units digit of k?
2
Let b = 1078 - 528. Let z = -275 + b. What is the tens digit of z?
7
Let v(o) = -o**3 + 10*o**2 + 2*o - 7. Let l be 9*1/3*1. Let r be v(l). Suppose -2*n + 3*j + r = 0, -3*j + 46 = 2*n + 2*j. What is the tens digit of n?
2
Let s(g) = -2*g + 2. Let r be s(-1). Let t be (r*4/(-3))/(8/84). Let a = t + 101. What is the units digit of a?
5
Let n be 1083/(-3 - 0) + -3. Let o = n - -120. Let u = 344 + o. What is the units digit of u?
0
Suppose 24*r = 27*r + 4*y - 9219, -4*y - 9171 = -3*r. What is the thousands digit of r?
3
Suppose -f - v = -6405, -23*v + 27*v = 4*f - 25580. What is the tens digit of f?
0
Let l(p) = 5*p + 16. Let o be l(-6). Let h(z) = z + 21. Let q be h(o). Suppose 0 = q*i - 5*i + 10, 0 = -3*x - 5*i + 44. What is the units digit of x?
3
Suppose 3*b + 134692 = 4*r, b = r - 19862 - 13812. What is the hundreds digit of r?
6
Suppose y - 9 = -q, 6*q = 3*y + 7*q - 31. Suppose y*l = 26*l - 3825. What is the units digit of l?
5
Let n(i) = 1922*i**2 - 454*i + 2292. What is the thousands digit of n(5)?
8
Let t(s) = -s**2 + 106. Let d be t(0). Let r = d + -149. Let h = 138 + r. What is the tens digit of h?
9
Suppose -47*l + 1121436 = -11*l. What is the thousands digit of l?
1
What is the ten thousands digit of -6 - (-4368984)/200 - (-4)/50?
2
What is the thousands digit of 532488/78 - (-33)/143?
6
Let v(p) be the third derivative of -p**4/12 + 127*p**3/2 + 99*p**2. What is the tens digit of v(0)?
8
Suppose -2*t - 11*k + 35 = -16*k, 15 = -3*k. Suppose t*b - 3236 = -686. What is the tens digit of b?
1
What is the tens digit of (-4 - (-168)/49)/((-4)/36008)?
4
Suppose -6*h + 13 = 7. Let n be h + 212/16 - 1/4. Let y = n - -28. What is the tens digit of y?
4
Let r(a) = 6*a - 135. Let b be r(19). What is the hundreds digit of (-12)/b + (-21406)/(-98)?
2
Suppose 2*i + 23589 = 7161. What is the hundreds digit of 2/5 + i/(-15)?
5
Let f = -111 + 467. What is the hundreds digit of f?
3
Let c(o) = 6*o - 22. Let g be c(4). Suppose 0 = 5*a + 5*i + 1495, -394 - 204 = g*a - 3*i. Let r = a + 458. What is the hundreds digit of r?
1
Suppose 260 = 2275*j - 2271*j. Suppose 0 = -3*q + 5*i + 80, 0 = 5*q - 5*i - 185 + j. What is the units digit of q?
0
Let h(o) = 13 + 8 + o - 15 + 5. Let k be h(7). What is the hundreds digit of 1814/k - 2*1/(-9)?
1
Suppose 127 - 136 = -3*z. Suppose -3*n + 2*n - z*y + 799 = 0, -3*y = 2*n - 1583. What is the hundreds digit of n?
7
Let f = 445 - -1053. Suppose -u - r = -1468, u - 3*r + 22 = f. What is the thousands digit of u?
1
Let r(c) = 2*c - 1. Let t be r(0). Let y(b) = -4*b - 2. Let l be y(t). Suppose 3*n - 17 = -2*d, -n - n = l*d - 22. What is the tens digit of d?
1
Let p(r) = 137*r**2 + 186*r + 69. What is the hundreds digit of p(20)?
5
Suppose 3*j + 9*j = 0. Let d be 3 - -3*(-4 - (1 - j)). Let q(r) = -r**2 - 16*r + 1. What is the tens digit of q(d)?
4
Let o be (-168 + 9)*(-1)/3. Let t = 73 + o. What is the hundreds digit of t?
1
Suppose -4*n = -5*d + 338078, 5*n - 135224 = -2*d + 3*n. What is the hundreds digit of d?
6
Let m(x) = -87*x + 157. Let d be m(9). What is the units digit of d/(-8) - 1/4?
8
Let v(k) = -22*k + 2. Let l be (8/(-2))/(((-30)/(-85))/(-3)). Let y = 33 - l. What is the units digit of v(y)?
4
Let z = -29670 + 52099. What is the thousands digit of z?
2
Suppose -7*q + 0 = -14. Suppose -q*c + 14 = 3*a, -5*c + 4*a = -9*c + 24. Let u(h) = 3*h**3 - h**2 - 5*h + 3. What is the hundreds digit of u(c)?
1
Let b = 79 + -116. Let j = b + 44. Suppose -j*h - 188 = -9*h. What is the units digit of h?
4
Let p(i) = -i**2 - 7*i - 4. Let t be p(-1). Suppose 41*y + 2*c + 1102 = 46*y, -t*y + 424 = -5*c. What is the units digit of y?
2
Suppose -h = 481 - 789. Let a = 350 - h. What is the tens digit of a?
4
Suppose 3*u = -4*k + 37486, 133*u = 4*k + 132*u - 37462. What is the tens digit of k?
6
Suppose 0*p - 28 = 4*p. Suppose 0 = m - 4 - 30. Let u = m + p. What is the tens digit of u?
2
Let y(c) = 646*c**2 + 46*c + 73. What is the thousands digit of y(7)?
2
Suppose 119*k + 69200 = 124*k. What is the thousands digit of k?
3
Let o(i) be the first derivative of i**4/2 + 8*i**3/3 - 5*i**2 - 2*i - 60. What is the tens digit of o(5)?
9
What is the hundreds digit of (270440/(-30))/((-16)/12)?
7
Let h = -6627 - -30931. What is the hundreds digit of h?
3
Let z be (-40)/24 - 52/(-6). Let t(l) = 8*l**2 - 14*l + 68. What is the hundreds digit of t(z)?
3
Suppose 61388 + 362056 = 26*o - 787688. What is the hundreds digit of o?
5
Suppose 322361 = 60*n - 237859. What is the units digit of n?
7
What is the hundreds digit of (-8)/((-8)/5715) + 11/(-132)*0?
7
Suppose 147*v + 5*a = 142*v + 40390, 2*v + 5*a - 16135 = 0. What is the tens digit of v?
8
Suppose 430962 = 5*m - 12*l, -3*l = -2*m + 59090 + 113284. What is the thousands digit of m?
6
Suppose -481*z = -23*z - 5625614. What is the tens digit of z?
8
Let a = 7359 + 1592. What is the hundreds digit of a?
9
Suppose 4*n = 3*u + 12, 0 = u + u + 8. Suppose -4*x = -5*j + 192, 2*j + 0*x - 5*x - 87 = n. Suppose 10 = f - j. What is the units digit of f?
6
Suppose -5 - 1 = 2*n. Let p(r) = -317*r - 11. Let z(q) = 106*q + 4. Let v(w) = n*p(w) - 8*z(w). What is the hundreds digit of v(1)?
1
Let d(v) = -v**3 + 14*v**2 - 20*v - 48. Let r be d(12). Let t(z) = -3*z + 445. What is the hundreds digit of t(r)?
4
Suppose 0*d = -104*d + 184080. What is the thousands digit of d?
1
Suppose 2 = -3*d - 2*u - 0*u, -5 = -2*d + 5*u. Suppose -4*o + 16 = 0, -4*t + 3*o = -d*o - 60. What is the tens digit of (-1985)/(-35) - (t/(-14) + 1)?
5
Let u = 39166 - 24196. What is the tens digit of u?
7
Let t(z) = -444*z + 6398. What is the ten thousands digit of t(-24)?
1
Let y(b) = -137*b + 376. What is the hundreds digit of y(-66)?
4
Suppose -6*y = r - 9*y - 33474, -4*r + 5*y = -133938. What is the units digit of r?
2
Let b(g) = 21*g**2 + g - 4. Suppose 0 = 5*i - 2*r - 90, -3*r = 20 - 5. Suppose 2*z - f = 0, -4*f + 2 = -z + i. What is the tens digit of b(z)?
7
Let n = 60 + -59. Suppose 0 = -5*x - 2*k + 12, -n = -3*x - 2*k + 3. What is the tens digit of (x + -3)*1*(-1 + 94)?
9
Suppose b - 5*b - 2*d = -716, b + 4*d = 172. Suppose b = -3*j - 3*j. What is the hundreds digit of (774/j)